{"id":1072,"date":"2022-10-05T17:14:35","date_gmt":"2022-10-05T15:14:35","guid":{"rendered":"https:\/\/linkside-communication.com\/?post_type=product&#038;p=1072"},"modified":"2022-10-05T17:14:36","modified_gmt":"2022-10-05T15:14:36","slug":"pack-complet-quick-impact-courbe","status":"publish","type":"product","link":"https:\/\/linkside-communication.com\/index.php\/produit\/pack-complet-quick-impact-courbe\/","title":{"rendered":"Pack complet Quick Impact Courbe"},"content":{"rendered":"<p>Solution simple ou double face, \u00e9conomique et portable.<br \/>\nLes structures se d\u00e9ploient simplement gr\u00e2ce au verrouillage par connecteurs magn\u00e9tiques.<br \/>\nPlusieurs formats courbes au choix : structures de 3 ou 4 carr\u00e9s de hauteur et 1 \u00e0 5 carr\u00e9s de largeur.<br \/>\nL\u00e9s en PVC avec ou sans retour en option.<br \/>\nStructure livr\u00e9e avec les barres magn\u00e9tiques, les suspentes, les plinthes, un rouleau de bande magn\u00e9tique, une valise Zenith (convertible en comptoir gr\u00e2ce \u00e0 la tablette) et 2 powerspot 950-1000 LED.<br \/>\nLa valise Zenith peut contenir le stand parapluie et son visuel pour faciliter le transport et le stockage de votre stand.<br \/>\nLa valise Zenith est personnalisable : jupe imprim\u00e9e en option.<\/p>\n","protected":false},"excerpt":{"rendered":"<p>Le pack complet Quick Impact est un excellent kit de mur d&#8217;images entr\u00e9e de gamme qui contient tout ce dont vous avez besoin pour \u00eatre op\u00e9rationnel lors d&#8217;un salon, d&#8217;un \u00e9v\u00e9nement ou d&#8217;une d\u00e9monstration. Un comptoir et des spots sont m\u00eames fournis !<\/p>\n","protected":false},"featured_media":1073,"comment_status":"closed","ping_status":"closed","template":"","meta":{"site-sidebar-layout":"default","site-content-layout":"default","ast-global-header-display":"","ast-main-header-display":"","ast-hfb-above-header-display":"","ast-hfb-below-header-display":"","ast-hfb-mobile-header-display":"","site-post-title":"","ast-breadcrumbs-content":"","ast-featured-img":"","footer-sml-layout":"","theme-transparent-header-meta":"default","adv-header-id-meta":"","stick-header-meta":"default","header-above-stick-meta":"","header-main-stick-meta":"","header-below-stick-meta":""},"product_cat":[105,107,83,82,102,146,106],"product_tag":[],"yoast_head":"<!-- This site is optimized with the Yoast SEO plugin v19.1 - https:\/\/yoast.com\/wordpress\/plugins\/seo\/ -->\n<title>Pack complet Quick Impact Courbe - Linkside Communication<\/title>\n<meta name=\"robots\" content=\"index, follow, max-snippet:-1, max-image-preview:large, max-video-preview:-1\" \/>\n<link rel=\"canonical\" href=\"https:\/\/linkside-communication.com\/index.php\/produit\/pack-complet-quick-impact-courbe\/\" \/>\n<meta property=\"og:locale\" content=\"en_US\" \/>\n<meta property=\"og:type\" content=\"article\" \/>\n<meta property=\"og:title\" content=\"Pack complet Quick Impact Courbe - Linkside Communication\" \/>\n<meta property=\"og:description\" content=\"Le pack complet Quick Impact est un excellent kit de mur d&#039;images entr\u00e9e de gamme qui contient tout ce dont vous avez besoin pour \u00eatre op\u00e9rationnel lors d&#039;un salon, d&#039;un \u00e9v\u00e9nement ou d&#039;une d\u00e9monstration. Un comptoir et des spots sont m\u00eames fournis !\" \/>\n<meta property=\"og:url\" content=\"https:\/\/linkside-communication.com\/index.php\/produit\/pack-complet-quick-impact-courbe\/\" \/>\n<meta property=\"og:site_name\" content=\"Linkside Communication\" \/>\n<meta property=\"article:modified_time\" content=\"2022-10-05T15:14:36+00:00\" \/>\n<meta property=\"og:image\" content=\"https:\/\/linkside-communication.com\/wp-content\/uploads\/2022\/10\/impact-pop-up-curved-bundle-2-main-71337.jpg\" \/>\n\t<meta property=\"og:image:width\" content=\"1000\" \/>\n\t<meta property=\"og:image:height\" content=\"1000\" \/>\n\t<meta property=\"og:image:type\" content=\"image\/jpeg\" \/>\n<meta name=\"twitter:card\" content=\"summary_large_image\" \/>\n<meta name=\"twitter:label1\" content=\"Est. reading time\" \/>\n\t<meta name=\"twitter:data1\" content=\"1 minute\" \/>\n<script type=\"application\/ld+json\" class=\"yoast-schema-graph\">{\"@context\":\"https:\/\/schema.org\",\"@graph\":[{\"@type\":\"WebSite\",\"@id\":\"https:\/\/linkside-communication.com\/#website\",\"url\":\"https:\/\/linkside-communication.com\/\",\"name\":\"Linkside Communication\",\"description\":\"Invent\u00e9 pour un maximum de confort\",\"potentialAction\":[{\"@type\":\"SearchAction\",\"target\":{\"@type\":\"EntryPoint\",\"urlTemplate\":\"https:\/\/linkside-communication.com\/?s={search_term_string}\"},\"query-input\":\"required name=search_term_string\"}],\"inLanguage\":\"en-US\"},{\"@type\":\"ImageObject\",\"inLanguage\":\"en-US\",\"@id\":\"https:\/\/linkside-communication.com\/index.php\/produit\/pack-complet-quick-impact-courbe\/#primaryimage\",\"url\":\"https:\/\/linkside-communication.com\/wp-content\/uploads\/2022\/10\/impact-pop-up-curved-bundle-2-main-71337.jpg\",\"contentUrl\":\"https:\/\/linkside-communication.com\/wp-content\/uploads\/2022\/10\/impact-pop-up-curved-bundle-2-main-71337.jpg\",\"width\":1000,\"height\":1000},{\"@type\":\"WebPage\",\"@id\":\"https:\/\/linkside-communication.com\/index.php\/produit\/pack-complet-quick-impact-courbe\/#webpage\",\"url\":\"https:\/\/linkside-communication.com\/index.php\/produit\/pack-complet-quick-impact-courbe\/\",\"name\":\"Pack complet Quick Impact Courbe - Linkside Communication\",\"isPartOf\":{\"@id\":\"https:\/\/linkside-communication.com\/#website\"},\"primaryImageOfPage\":{\"@id\":\"https:\/\/linkside-communication.com\/index.php\/produit\/pack-complet-quick-impact-courbe\/#primaryimage\"},\"datePublished\":\"2022-10-05T15:14:35+00:00\",\"dateModified\":\"2022-10-05T15:14:36+00:00\",\"breadcrumb\":{\"@id\":\"https:\/\/linkside-communication.com\/index.php\/produit\/pack-complet-quick-impact-courbe\/#breadcrumb\"},\"inLanguage\":\"en-US\",\"potentialAction\":[{\"@type\":\"ReadAction\",\"target\":[\"https:\/\/linkside-communication.com\/index.php\/produit\/pack-complet-quick-impact-courbe\/\"]}]},{\"@type\":\"BreadcrumbList\",\"@id\":\"https:\/\/linkside-communication.com\/index.php\/produit\/pack-complet-quick-impact-courbe\/#breadcrumb\",\"itemListElement\":[{\"@type\":\"ListItem\",\"position\":1,\"name\":\"Accueil\",\"item\":\"https:\/\/linkside-communication.com\/\"},{\"@type\":\"ListItem\",\"position\":2,\"name\":\"Boutique\",\"item\":\"https:\/\/linkside-communication.com\/index.php\/boutique\/\"},{\"@type\":\"ListItem\",\"position\":3,\"name\":\"Pack complet Quick Impact Courbe\"}]}]}<\/script>\n<!-- \/ Yoast SEO plugin. -->","yoast_head_json":{"title":"Pack complet Quick Impact Courbe - Linkside Communication","robots":{"index":"index","follow":"follow","max-snippet":"max-snippet:-1","max-image-preview":"max-image-preview:large","max-video-preview":"max-video-preview:-1"},"canonical":"https:\/\/linkside-communication.com\/index.php\/produit\/pack-complet-quick-impact-courbe\/","og_locale":"en_US","og_type":"article","og_title":"Pack complet Quick Impact Courbe - Linkside Communication","og_description":"Le pack complet Quick Impact est un excellent kit de mur d'images entr\u00e9e de gamme qui contient tout ce dont vous avez besoin pour \u00eatre op\u00e9rationnel lors d'un salon, d'un \u00e9v\u00e9nement ou d'une d\u00e9monstration. Un comptoir et des spots sont m\u00eames fournis !","og_url":"https:\/\/linkside-communication.com\/index.php\/produit\/pack-complet-quick-impact-courbe\/","og_site_name":"Linkside Communication","article_modified_time":"2022-10-05T15:14:36+00:00","og_image":[{"width":1000,"height":1000,"url":"https:\/\/linkside-communication.com\/wp-content\/uploads\/2022\/10\/impact-pop-up-curved-bundle-2-main-71337.jpg","type":"image\/jpeg"}],"twitter_card":"summary_large_image","twitter_misc":{"Est. reading time":"1 minute"},"schema":{"@context":"https:\/\/schema.org","@graph":[{"@type":"WebSite","@id":"https:\/\/linkside-communication.com\/#website","url":"https:\/\/linkside-communication.com\/","name":"Linkside Communication","description":"Invent\u00e9 pour un maximum de confort","potentialAction":[{"@type":"SearchAction","target":{"@type":"EntryPoint","urlTemplate":"https:\/\/linkside-communication.com\/?s={search_term_string}"},"query-input":"required name=search_term_string"}],"inLanguage":"en-US"},{"@type":"ImageObject","inLanguage":"en-US","@id":"https:\/\/linkside-communication.com\/index.php\/produit\/pack-complet-quick-impact-courbe\/#primaryimage","url":"https:\/\/linkside-communication.com\/wp-content\/uploads\/2022\/10\/impact-pop-up-curved-bundle-2-main-71337.jpg","contentUrl":"https:\/\/linkside-communication.com\/wp-content\/uploads\/2022\/10\/impact-pop-up-curved-bundle-2-main-71337.jpg","width":1000,"height":1000},{"@type":"WebPage","@id":"https:\/\/linkside-communication.com\/index.php\/produit\/pack-complet-quick-impact-courbe\/#webpage","url":"https:\/\/linkside-communication.com\/index.php\/produit\/pack-complet-quick-impact-courbe\/","name":"Pack complet Quick Impact Courbe - Linkside Communication","isPartOf":{"@id":"https:\/\/linkside-communication.com\/#website"},"primaryImageOfPage":{"@id":"https:\/\/linkside-communication.com\/index.php\/produit\/pack-complet-quick-impact-courbe\/#primaryimage"},"datePublished":"2022-10-05T15:14:35+00:00","dateModified":"2022-10-05T15:14:36+00:00","breadcrumb":{"@id":"https:\/\/linkside-communication.com\/index.php\/produit\/pack-complet-quick-impact-courbe\/#breadcrumb"},"inLanguage":"en-US","potentialAction":[{"@type":"ReadAction","target":["https:\/\/linkside-communication.com\/index.php\/produit\/pack-complet-quick-impact-courbe\/"]}]},{"@type":"BreadcrumbList","@id":"https:\/\/linkside-communication.com\/index.php\/produit\/pack-complet-quick-impact-courbe\/#breadcrumb","itemListElement":[{"@type":"ListItem","position":1,"name":"Accueil","item":"https:\/\/linkside-communication.com\/"},{"@type":"ListItem","position":2,"name":"Boutique","item":"https:\/\/linkside-communication.com\/index.php\/boutique\/"},{"@type":"ListItem","position":3,"name":"Pack complet Quick Impact Courbe"}]}]}},"_links":{"self":[{"href":"https:\/\/linkside-communication.com\/index.php\/wp-json\/wp\/v2\/product\/1072"}],"collection":[{"href":"https:\/\/linkside-communication.com\/index.php\/wp-json\/wp\/v2\/product"}],"about":[{"href":"https:\/\/linkside-communication.com\/index.php\/wp-json\/wp\/v2\/types\/product"}],"replies":[{"embeddable":true,"href":"https:\/\/linkside-communication.com\/index.php\/wp-json\/wp\/v2\/comments?post=1072"}],"version-history":[{"count":1,"href":"https:\/\/linkside-communication.com\/index.php\/wp-json\/wp\/v2\/product\/1072\/revisions"}],"predecessor-version":[{"id":1097,"href":"https:\/\/linkside-communication.com\/index.php\/wp-json\/wp\/v2\/product\/1072\/revisions\/1097"}],"wp:featuredmedia":[{"embeddable":true,"href":"https:\/\/linkside-communication.com\/index.php\/wp-json\/wp\/v2\/media\/1073"}],"wp:attachment":[{"href":"https:\/\/linkside-communication.com\/index.php\/wp-json\/wp\/v2\/media?parent=1072"}],"wp:term":[{"taxonomy":"product_cat","embeddable":true,"href":"https:\/\/linkside-communication.com\/index.php\/wp-json\/wp\/v2\/product_cat?post=1072"},{"taxonomy":"product_tag","embeddable":true,"href":"https:\/\/linkside-communication.com\/index.php\/wp-json\/wp\/v2\/product_tag?post=1072"}],"curies":[{"name":"wp","href":"https:\/\/api.w.org\/{rel}","templated":true}]}}