{"id":1264,"date":"2022-10-06T13:53:55","date_gmt":"2022-10-06T11:53:55","guid":{"rendered":"https:\/\/linkside-communication.com\/?post_type=product&#038;p=1264"},"modified":"2022-10-06T13:53:55","modified_gmt":"2022-10-06T11:53:55","slug":"formulate-droit","status":"publish","type":"product","link":"https:\/\/linkside-communication.com\/index.php\/produit\/formulate-droit\/","title":{"rendered":"Formulate Droit"},"content":{"rendered":"<p>Des applications vari\u00e9es pour cr\u00e9er des murs d\u2019images ou d\u00e9limiter vos espaces.<br \/>\nFabriqu\u00e9 \u00e0 partir de tubes en aluminium (\u00d8 30 mm), l\u00e9gers et portables.<br \/>\nMontage sans outil : les sections du cadre sont reli\u00e9es avec un \u00e9lastique interne et s&#8217;assemblent \u00e0 l&#8217;aide de boutons poussoirs.<br \/>\nFinition housse avec fermeture \u00c9clair en option.<br \/>\nUtilisation autoportante avec pieds stabilisateurs inclus.<br \/>\nDisponible en 5 largeurs (2.4, 3, 4, 5 et 6 m), il convient donc \u00e0 une multitude d&#8217;espaces ou applications.<br \/>\nIlluminez votre stand avec un choix de 3 spots LED connect\u00e9s en s\u00e9rie pour attirer l&#8217;attention (en option).<\/p>\n","protected":false},"excerpt":{"rendered":"<p>Le Formulate Droit est un mur d&#8217;images fabriqu\u00e9 \u00e0 partir de tubes l\u00e9gers en aluminium de 30 mm de diam\u00e8tre embo\u00eetables les uns dans les autres pour un montage rapide sans outil. La gamme Formulate offre une vari\u00e9t\u00e9 de formes aux lignes \u00e9pur\u00e9es, id\u00e9ale pour cr\u00e9er des murs d\u2019images ou d\u00e9limiter vos espaces en toute \u00e9l\u00e9gance. Son visuel \u00e9pouse parfaitement les contours de la structure pour maximiser une communication recto-verso, sans raccord, quelque soit le format.<\/p>\n","protected":false},"featured_media":1265,"comment_status":"closed","ping_status":"closed","template":"","meta":{"site-sidebar-layout":"default","site-content-layout":"default","ast-global-header-display":"","ast-main-header-display":"","ast-hfb-above-header-display":"","ast-hfb-below-header-display":"","ast-hfb-mobile-header-display":"","site-post-title":"","ast-breadcrumbs-content":"","ast-featured-img":"","footer-sml-layout":"","theme-transparent-header-meta":"default","adv-header-id-meta":"","stick-header-meta":"default","header-above-stick-meta":"","header-main-stick-meta":"","header-below-stick-meta":""},"product_cat":[80,81,103,105,88,94,107,90,89,110,148,69,100,106,91,97,75,93],"product_tag":[],"yoast_head":"<!-- This site is optimized with the Yoast SEO plugin v19.1 - https:\/\/yoast.com\/wordpress\/plugins\/seo\/ -->\n<title>Formulate Droit - Linkside Communication<\/title>\n<meta name=\"robots\" content=\"index, follow, max-snippet:-1, max-image-preview:large, max-video-preview:-1\" \/>\n<link rel=\"canonical\" href=\"https:\/\/linkside-communication.com\/index.php\/produit\/formulate-droit\/\" \/>\n<meta property=\"og:locale\" content=\"en_US\" \/>\n<meta property=\"og:type\" content=\"article\" \/>\n<meta property=\"og:title\" content=\"Formulate Droit - Linkside Communication\" \/>\n<meta property=\"og:description\" content=\"Le Formulate Droit est un mur d&#039;images fabriqu\u00e9 \u00e0 partir de tubes l\u00e9gers en aluminium de 30 mm de diam\u00e8tre embo\u00eetables les uns dans les autres pour un montage rapide sans outil. La gamme Formulate offre une vari\u00e9t\u00e9 de formes aux lignes \u00e9pur\u00e9es, id\u00e9ale pour cr\u00e9er des murs d\u2019images ou d\u00e9limiter vos espaces en toute \u00e9l\u00e9gance. Son visuel \u00e9pouse parfaitement les contours de la structure pour maximiser une communication recto-verso, sans raccord, quelque soit le format.\" \/>\n<meta property=\"og:url\" content=\"https:\/\/linkside-communication.com\/index.php\/produit\/formulate-droit\/\" \/>\n<meta property=\"og:site_name\" content=\"Linkside Communication\" \/>\n<meta property=\"og:image\" content=\"https:\/\/linkside-communication.com\/wp-content\/uploads\/2022\/10\/formulate-straight-2-main-71538.jpg\" \/>\n\t<meta property=\"og:image:width\" content=\"1000\" \/>\n\t<meta property=\"og:image:height\" content=\"1000\" \/>\n\t<meta property=\"og:image:type\" content=\"image\/jpeg\" \/>\n<meta name=\"twitter:card\" content=\"summary_large_image\" \/>\n<meta name=\"twitter:label1\" content=\"Est. reading time\" \/>\n\t<meta name=\"twitter:data1\" content=\"1 minute\" \/>\n<script type=\"application\/ld+json\" class=\"yoast-schema-graph\">{\"@context\":\"https:\/\/schema.org\",\"@graph\":[{\"@type\":\"WebSite\",\"@id\":\"https:\/\/linkside-communication.com\/#website\",\"url\":\"https:\/\/linkside-communication.com\/\",\"name\":\"Linkside Communication\",\"description\":\"Invent\u00e9 pour un maximum de confort\",\"potentialAction\":[{\"@type\":\"SearchAction\",\"target\":{\"@type\":\"EntryPoint\",\"urlTemplate\":\"https:\/\/linkside-communication.com\/?s={search_term_string}\"},\"query-input\":\"required name=search_term_string\"}],\"inLanguage\":\"en-US\"},{\"@type\":\"ImageObject\",\"inLanguage\":\"en-US\",\"@id\":\"https:\/\/linkside-communication.com\/index.php\/produit\/formulate-droit\/#primaryimage\",\"url\":\"https:\/\/linkside-communication.com\/wp-content\/uploads\/2022\/10\/formulate-straight-2-main-71538.jpg\",\"contentUrl\":\"https:\/\/linkside-communication.com\/wp-content\/uploads\/2022\/10\/formulate-straight-2-main-71538.jpg\",\"width\":1000,\"height\":1000},{\"@type\":\"WebPage\",\"@id\":\"https:\/\/linkside-communication.com\/index.php\/produit\/formulate-droit\/#webpage\",\"url\":\"https:\/\/linkside-communication.com\/index.php\/produit\/formulate-droit\/\",\"name\":\"Formulate Droit - Linkside Communication\",\"isPartOf\":{\"@id\":\"https:\/\/linkside-communication.com\/#website\"},\"primaryImageOfPage\":{\"@id\":\"https:\/\/linkside-communication.com\/index.php\/produit\/formulate-droit\/#primaryimage\"},\"datePublished\":\"2022-10-06T11:53:55+00:00\",\"dateModified\":\"2022-10-06T11:53:55+00:00\",\"breadcrumb\":{\"@id\":\"https:\/\/linkside-communication.com\/index.php\/produit\/formulate-droit\/#breadcrumb\"},\"inLanguage\":\"en-US\",\"potentialAction\":[{\"@type\":\"ReadAction\",\"target\":[\"https:\/\/linkside-communication.com\/index.php\/produit\/formulate-droit\/\"]}]},{\"@type\":\"BreadcrumbList\",\"@id\":\"https:\/\/linkside-communication.com\/index.php\/produit\/formulate-droit\/#breadcrumb\",\"itemListElement\":[{\"@type\":\"ListItem\",\"position\":1,\"name\":\"Accueil\",\"item\":\"https:\/\/linkside-communication.com\/\"},{\"@type\":\"ListItem\",\"position\":2,\"name\":\"Boutique\",\"item\":\"https:\/\/linkside-communication.com\/index.php\/boutique\/\"},{\"@type\":\"ListItem\",\"position\":3,\"name\":\"Formulate Droit\"}]}]}<\/script>\n<!-- \/ Yoast SEO plugin. -->","yoast_head_json":{"title":"Formulate Droit - Linkside Communication","robots":{"index":"index","follow":"follow","max-snippet":"max-snippet:-1","max-image-preview":"max-image-preview:large","max-video-preview":"max-video-preview:-1"},"canonical":"https:\/\/linkside-communication.com\/index.php\/produit\/formulate-droit\/","og_locale":"en_US","og_type":"article","og_title":"Formulate Droit - Linkside Communication","og_description":"Le Formulate Droit est un mur d'images fabriqu\u00e9 \u00e0 partir de tubes l\u00e9gers en aluminium de 30 mm de diam\u00e8tre embo\u00eetables les uns dans les autres pour un montage rapide sans outil. La gamme Formulate offre une vari\u00e9t\u00e9 de formes aux lignes \u00e9pur\u00e9es, id\u00e9ale pour cr\u00e9er des murs d\u2019images ou d\u00e9limiter vos espaces en toute \u00e9l\u00e9gance. Son visuel \u00e9pouse parfaitement les contours de la structure pour maximiser une communication recto-verso, sans raccord, quelque soit le format.","og_url":"https:\/\/linkside-communication.com\/index.php\/produit\/formulate-droit\/","og_site_name":"Linkside Communication","og_image":[{"width":1000,"height":1000,"url":"https:\/\/linkside-communication.com\/wp-content\/uploads\/2022\/10\/formulate-straight-2-main-71538.jpg","type":"image\/jpeg"}],"twitter_card":"summary_large_image","twitter_misc":{"Est. reading time":"1 minute"},"schema":{"@context":"https:\/\/schema.org","@graph":[{"@type":"WebSite","@id":"https:\/\/linkside-communication.com\/#website","url":"https:\/\/linkside-communication.com\/","name":"Linkside Communication","description":"Invent\u00e9 pour un maximum de confort","potentialAction":[{"@type":"SearchAction","target":{"@type":"EntryPoint","urlTemplate":"https:\/\/linkside-communication.com\/?s={search_term_string}"},"query-input":"required name=search_term_string"}],"inLanguage":"en-US"},{"@type":"ImageObject","inLanguage":"en-US","@id":"https:\/\/linkside-communication.com\/index.php\/produit\/formulate-droit\/#primaryimage","url":"https:\/\/linkside-communication.com\/wp-content\/uploads\/2022\/10\/formulate-straight-2-main-71538.jpg","contentUrl":"https:\/\/linkside-communication.com\/wp-content\/uploads\/2022\/10\/formulate-straight-2-main-71538.jpg","width":1000,"height":1000},{"@type":"WebPage","@id":"https:\/\/linkside-communication.com\/index.php\/produit\/formulate-droit\/#webpage","url":"https:\/\/linkside-communication.com\/index.php\/produit\/formulate-droit\/","name":"Formulate Droit - Linkside Communication","isPartOf":{"@id":"https:\/\/linkside-communication.com\/#website"},"primaryImageOfPage":{"@id":"https:\/\/linkside-communication.com\/index.php\/produit\/formulate-droit\/#primaryimage"},"datePublished":"2022-10-06T11:53:55+00:00","dateModified":"2022-10-06T11:53:55+00:00","breadcrumb":{"@id":"https:\/\/linkside-communication.com\/index.php\/produit\/formulate-droit\/#breadcrumb"},"inLanguage":"en-US","potentialAction":[{"@type":"ReadAction","target":["https:\/\/linkside-communication.com\/index.php\/produit\/formulate-droit\/"]}]},{"@type":"BreadcrumbList","@id":"https:\/\/linkside-communication.com\/index.php\/produit\/formulate-droit\/#breadcrumb","itemListElement":[{"@type":"ListItem","position":1,"name":"Accueil","item":"https:\/\/linkside-communication.com\/"},{"@type":"ListItem","position":2,"name":"Boutique","item":"https:\/\/linkside-communication.com\/index.php\/boutique\/"},{"@type":"ListItem","position":3,"name":"Formulate Droit"}]}]}},"_links":{"self":[{"href":"https:\/\/linkside-communication.com\/index.php\/wp-json\/wp\/v2\/product\/1264"}],"collection":[{"href":"https:\/\/linkside-communication.com\/index.php\/wp-json\/wp\/v2\/product"}],"about":[{"href":"https:\/\/linkside-communication.com\/index.php\/wp-json\/wp\/v2\/types\/product"}],"replies":[{"embeddable":true,"href":"https:\/\/linkside-communication.com\/index.php\/wp-json\/wp\/v2\/comments?post=1264"}],"version-history":[{"count":1,"href":"https:\/\/linkside-communication.com\/index.php\/wp-json\/wp\/v2\/product\/1264\/revisions"}],"predecessor-version":[{"id":1277,"href":"https:\/\/linkside-communication.com\/index.php\/wp-json\/wp\/v2\/product\/1264\/revisions\/1277"}],"wp:featuredmedia":[{"embeddable":true,"href":"https:\/\/linkside-communication.com\/index.php\/wp-json\/wp\/v2\/media\/1265"}],"wp:attachment":[{"href":"https:\/\/linkside-communication.com\/index.php\/wp-json\/wp\/v2\/media?parent=1264"}],"wp:term":[{"taxonomy":"product_cat","embeddable":true,"href":"https:\/\/linkside-communication.com\/index.php\/wp-json\/wp\/v2\/product_cat?post=1264"},{"taxonomy":"product_tag","embeddable":true,"href":"https:\/\/linkside-communication.com\/index.php\/wp-json\/wp\/v2\/product_tag?post=1264"}],"curies":[{"name":"wp","href":"https:\/\/api.w.org\/{rel}","templated":true}]}}