{"id":2400,"date":"2022-10-10T15:30:11","date_gmt":"2022-10-10T13:30:11","guid":{"rendered":"https:\/\/linkside-communication.com\/?post_type=product&#038;p=2400"},"modified":"2022-10-10T15:30:11","modified_gmt":"2022-10-10T13:30:11","slug":"embase-lestable-superposable-zoom","status":"publish","type":"product","link":"https:\/\/linkside-communication.com\/index.php\/produit\/embase-lestable-superposable-zoom\/","title":{"rendered":"Embase lestable superposable Zoom+"},"content":{"rendered":"<p>Embase noire moul\u00e9e en poly\u00e9thyl\u00e8ne haute densit\u00e9.<br \/>\nConception unique permettant d&#8217;empiler jusqu&#8217;\u00e0 trois bases.<br \/>\nSa capacit\u00e9 est de 26 litres et de son poids de 30,4kgs une fois remplie d&#8217;eau.<br \/>\nIl est possible d&#8217;empiler jusqu&#8217;\u00e0 trois bases pour obtenir un poids maximal de 91,2 kg.<br \/>\nConvient \u00e0 un usage int\u00e9rieur et ext\u00e9rieur.<br \/>\nPoign\u00e9e de transport pour un transport facile.<\/p>\n","protected":false},"excerpt":{"rendered":"<p>L&#8217;embase lestable superposable noire est fabriqu\u00e9e en poly\u00e9thyl\u00e8ne haute densit\u00e9. Sa conception unique vous permet d&#8217;empiler jusqu&#8217;\u00e0 trois embases les unes sur les autres pour obtenir un poids impressionnant d&#8217;un peu plus de 90 kg. Il est parfait pour une utilisation en int\u00e9rieur comme en ext\u00e9rieur et son embout rotatif universel le rend compatible avec notre gamme de drapeaux Zoom+ et la Zoom+ Arche.<\/p>\n","protected":false},"featured_media":2405,"comment_status":"closed","ping_status":"closed","template":"","meta":{"site-sidebar-layout":"default","site-content-layout":"default","ast-global-header-display":"","ast-main-header-display":"","ast-hfb-above-header-display":"","ast-hfb-below-header-display":"","ast-hfb-mobile-header-display":"","site-post-title":"","ast-breadcrumbs-content":"","ast-featured-img":"","footer-sml-layout":"","theme-transparent-header-meta":"default","adv-header-id-meta":"","stick-header-meta":"default","header-above-stick-meta":"","header-main-stick-meta":"","header-below-stick-meta":""},"product_cat":[56,70,113,73,74,111,176,72,96,69,76,114,75],"product_tag":[],"yoast_head":"<!-- This site is optimized with the Yoast SEO plugin v19.1 - https:\/\/yoast.com\/wordpress\/plugins\/seo\/ -->\n<title>Embase lestable superposable Zoom+ - Linkside Communication<\/title>\n<meta name=\"robots\" content=\"index, follow, max-snippet:-1, max-image-preview:large, max-video-preview:-1\" \/>\n<link rel=\"canonical\" href=\"https:\/\/linkside-communication.com\/index.php\/produit\/embase-lestable-superposable-zoom\/\" \/>\n<meta property=\"og:locale\" content=\"en_US\" \/>\n<meta property=\"og:type\" content=\"article\" \/>\n<meta property=\"og:title\" content=\"Embase lestable superposable Zoom+ - Linkside Communication\" \/>\n<meta property=\"og:description\" content=\"L&#039;embase lestable superposable noire est fabriqu\u00e9e en poly\u00e9thyl\u00e8ne haute densit\u00e9. Sa conception unique vous permet d&#039;empiler jusqu&#039;\u00e0 trois embases les unes sur les autres pour obtenir un poids impressionnant d&#039;un peu plus de 90 kg. Il est parfait pour une utilisation en int\u00e9rieur comme en ext\u00e9rieur et son embout rotatif universel le rend compatible avec notre gamme de drapeaux Zoom+ et la Zoom+ Arche.\" \/>\n<meta property=\"og:url\" content=\"https:\/\/linkside-communication.com\/index.php\/produit\/embase-lestable-superposable-zoom\/\" \/>\n<meta property=\"og:site_name\" content=\"Linkside Communication\" \/>\n<meta property=\"og:image\" content=\"https:\/\/linkside-communication.com\/wp-content\/uploads\/2022\/10\/zoom-stackable-base-2-main-72043.jpg\" \/>\n\t<meta property=\"og:image:width\" content=\"1000\" \/>\n\t<meta property=\"og:image:height\" content=\"1000\" \/>\n\t<meta property=\"og:image:type\" content=\"image\/jpeg\" \/>\n<meta name=\"twitter:card\" content=\"summary_large_image\" \/>\n<meta name=\"twitter:label1\" content=\"Est. reading time\" \/>\n\t<meta name=\"twitter:data1\" content=\"1 minute\" \/>\n<script type=\"application\/ld+json\" class=\"yoast-schema-graph\">{\"@context\":\"https:\/\/schema.org\",\"@graph\":[{\"@type\":\"WebSite\",\"@id\":\"https:\/\/linkside-communication.com\/#website\",\"url\":\"https:\/\/linkside-communication.com\/\",\"name\":\"Linkside Communication\",\"description\":\"Invent\u00e9 pour un maximum de confort\",\"potentialAction\":[{\"@type\":\"SearchAction\",\"target\":{\"@type\":\"EntryPoint\",\"urlTemplate\":\"https:\/\/linkside-communication.com\/?s={search_term_string}\"},\"query-input\":\"required name=search_term_string\"}],\"inLanguage\":\"en-US\"},{\"@type\":\"ImageObject\",\"inLanguage\":\"en-US\",\"@id\":\"https:\/\/linkside-communication.com\/index.php\/produit\/embase-lestable-superposable-zoom\/#primaryimage\",\"url\":\"https:\/\/linkside-communication.com\/wp-content\/uploads\/2022\/10\/zoom-stackable-base-2-main-72043.jpg\",\"contentUrl\":\"https:\/\/linkside-communication.com\/wp-content\/uploads\/2022\/10\/zoom-stackable-base-2-main-72043.jpg\",\"width\":1000,\"height\":1000},{\"@type\":\"WebPage\",\"@id\":\"https:\/\/linkside-communication.com\/index.php\/produit\/embase-lestable-superposable-zoom\/#webpage\",\"url\":\"https:\/\/linkside-communication.com\/index.php\/produit\/embase-lestable-superposable-zoom\/\",\"name\":\"Embase lestable superposable Zoom+ - Linkside Communication\",\"isPartOf\":{\"@id\":\"https:\/\/linkside-communication.com\/#website\"},\"primaryImageOfPage\":{\"@id\":\"https:\/\/linkside-communication.com\/index.php\/produit\/embase-lestable-superposable-zoom\/#primaryimage\"},\"datePublished\":\"2022-10-10T13:30:11+00:00\",\"dateModified\":\"2022-10-10T13:30:11+00:00\",\"breadcrumb\":{\"@id\":\"https:\/\/linkside-communication.com\/index.php\/produit\/embase-lestable-superposable-zoom\/#breadcrumb\"},\"inLanguage\":\"en-US\",\"potentialAction\":[{\"@type\":\"ReadAction\",\"target\":[\"https:\/\/linkside-communication.com\/index.php\/produit\/embase-lestable-superposable-zoom\/\"]}]},{\"@type\":\"BreadcrumbList\",\"@id\":\"https:\/\/linkside-communication.com\/index.php\/produit\/embase-lestable-superposable-zoom\/#breadcrumb\",\"itemListElement\":[{\"@type\":\"ListItem\",\"position\":1,\"name\":\"Accueil\",\"item\":\"https:\/\/linkside-communication.com\/\"},{\"@type\":\"ListItem\",\"position\":2,\"name\":\"Boutique\",\"item\":\"https:\/\/linkside-communication.com\/index.php\/boutique\/\"},{\"@type\":\"ListItem\",\"position\":3,\"name\":\"Embase lestable superposable Zoom+\"}]}]}<\/script>\n<!-- \/ Yoast SEO plugin. -->","yoast_head_json":{"title":"Embase lestable superposable Zoom+ - Linkside Communication","robots":{"index":"index","follow":"follow","max-snippet":"max-snippet:-1","max-image-preview":"max-image-preview:large","max-video-preview":"max-video-preview:-1"},"canonical":"https:\/\/linkside-communication.com\/index.php\/produit\/embase-lestable-superposable-zoom\/","og_locale":"en_US","og_type":"article","og_title":"Embase lestable superposable Zoom+ - Linkside Communication","og_description":"L'embase lestable superposable noire est fabriqu\u00e9e en poly\u00e9thyl\u00e8ne haute densit\u00e9. Sa conception unique vous permet d'empiler jusqu'\u00e0 trois embases les unes sur les autres pour obtenir un poids impressionnant d'un peu plus de 90 kg. Il est parfait pour une utilisation en int\u00e9rieur comme en ext\u00e9rieur et son embout rotatif universel le rend compatible avec notre gamme de drapeaux Zoom+ et la Zoom+ Arche.","og_url":"https:\/\/linkside-communication.com\/index.php\/produit\/embase-lestable-superposable-zoom\/","og_site_name":"Linkside Communication","og_image":[{"width":1000,"height":1000,"url":"https:\/\/linkside-communication.com\/wp-content\/uploads\/2022\/10\/zoom-stackable-base-2-main-72043.jpg","type":"image\/jpeg"}],"twitter_card":"summary_large_image","twitter_misc":{"Est. reading time":"1 minute"},"schema":{"@context":"https:\/\/schema.org","@graph":[{"@type":"WebSite","@id":"https:\/\/linkside-communication.com\/#website","url":"https:\/\/linkside-communication.com\/","name":"Linkside Communication","description":"Invent\u00e9 pour un maximum de confort","potentialAction":[{"@type":"SearchAction","target":{"@type":"EntryPoint","urlTemplate":"https:\/\/linkside-communication.com\/?s={search_term_string}"},"query-input":"required name=search_term_string"}],"inLanguage":"en-US"},{"@type":"ImageObject","inLanguage":"en-US","@id":"https:\/\/linkside-communication.com\/index.php\/produit\/embase-lestable-superposable-zoom\/#primaryimage","url":"https:\/\/linkside-communication.com\/wp-content\/uploads\/2022\/10\/zoom-stackable-base-2-main-72043.jpg","contentUrl":"https:\/\/linkside-communication.com\/wp-content\/uploads\/2022\/10\/zoom-stackable-base-2-main-72043.jpg","width":1000,"height":1000},{"@type":"WebPage","@id":"https:\/\/linkside-communication.com\/index.php\/produit\/embase-lestable-superposable-zoom\/#webpage","url":"https:\/\/linkside-communication.com\/index.php\/produit\/embase-lestable-superposable-zoom\/","name":"Embase lestable superposable Zoom+ - Linkside Communication","isPartOf":{"@id":"https:\/\/linkside-communication.com\/#website"},"primaryImageOfPage":{"@id":"https:\/\/linkside-communication.com\/index.php\/produit\/embase-lestable-superposable-zoom\/#primaryimage"},"datePublished":"2022-10-10T13:30:11+00:00","dateModified":"2022-10-10T13:30:11+00:00","breadcrumb":{"@id":"https:\/\/linkside-communication.com\/index.php\/produit\/embase-lestable-superposable-zoom\/#breadcrumb"},"inLanguage":"en-US","potentialAction":[{"@type":"ReadAction","target":["https:\/\/linkside-communication.com\/index.php\/produit\/embase-lestable-superposable-zoom\/"]}]},{"@type":"BreadcrumbList","@id":"https:\/\/linkside-communication.com\/index.php\/produit\/embase-lestable-superposable-zoom\/#breadcrumb","itemListElement":[{"@type":"ListItem","position":1,"name":"Accueil","item":"https:\/\/linkside-communication.com\/"},{"@type":"ListItem","position":2,"name":"Boutique","item":"https:\/\/linkside-communication.com\/index.php\/boutique\/"},{"@type":"ListItem","position":3,"name":"Embase lestable superposable Zoom+"}]}]}},"_links":{"self":[{"href":"https:\/\/linkside-communication.com\/index.php\/wp-json\/wp\/v2\/product\/2400"}],"collection":[{"href":"https:\/\/linkside-communication.com\/index.php\/wp-json\/wp\/v2\/product"}],"about":[{"href":"https:\/\/linkside-communication.com\/index.php\/wp-json\/wp\/v2\/types\/product"}],"replies":[{"embeddable":true,"href":"https:\/\/linkside-communication.com\/index.php\/wp-json\/wp\/v2\/comments?post=2400"}],"version-history":[{"count":1,"href":"https:\/\/linkside-communication.com\/index.php\/wp-json\/wp\/v2\/product\/2400\/revisions"}],"predecessor-version":[{"id":2407,"href":"https:\/\/linkside-communication.com\/index.php\/wp-json\/wp\/v2\/product\/2400\/revisions\/2407"}],"wp:featuredmedia":[{"embeddable":true,"href":"https:\/\/linkside-communication.com\/index.php\/wp-json\/wp\/v2\/media\/2405"}],"wp:attachment":[{"href":"https:\/\/linkside-communication.com\/index.php\/wp-json\/wp\/v2\/media?parent=2400"}],"wp:term":[{"taxonomy":"product_cat","embeddable":true,"href":"https:\/\/linkside-communication.com\/index.php\/wp-json\/wp\/v2\/product_cat?post=2400"},{"taxonomy":"product_tag","embeddable":true,"href":"https:\/\/linkside-communication.com\/index.php\/wp-json\/wp\/v2\/product_tag?post=2400"}],"curies":[{"name":"wp","href":"https:\/\/api.w.org\/{rel}","templated":true}]}}