{"id":2674,"date":"2022-10-11T15:52:23","date_gmt":"2022-10-11T13:52:23","guid":{"rendered":"https:\/\/linkside-communication.com\/?post_type=product&#038;p=2674"},"modified":"2022-10-11T15:52:24","modified_gmt":"2022-10-11T13:52:24","slug":"basics-leader","status":"publish","type":"product","link":"https:\/\/linkside-communication.com\/index.php\/produit\/basics-leader\/","title":{"rendered":"Basics Leader"},"content":{"rendered":"<p>Le poteau et la base sont lest\u00e9s pour une grande stabilit\u00e9.<br \/>\nLa sangle r\u00e9tractable jusqu&#8217;\u00e0 2 m s&#8217;ins\u00e8re dans le poteau.<br \/>\nLa barri\u00e8re et la sangle sont de couleur noire.<br \/>\nPeut \u00eatre utilis\u00e9 \u00e0 l&#8217;int\u00e9rieur ou \u00e0 l&#8217;ext\u00e9rieur.<\/p>\n","protected":false},"excerpt":{"rendered":"<p>Syst\u00e8me de barri\u00e8res r\u00e9tractables, id\u00e9al pour une utilisation dans les points de vente, bureaux de poste, cin\u00e9mas et a\u00e9roports. Un syst\u00e8me complet n\u00e9cessite deux jeux de poteau et embase. La sangle r\u00e9tractable est disponible sous la forme d&#8217;une cassette s\u00e9par\u00e9e qui s&#8217;ins\u00e8re dans le poteau et peut \u00eatre d\u00e9ploy\u00e9e jusqu&#8217;\u00e0 une longueur de 2 m\u00e8tres.<\/p>\n","protected":false},"featured_media":2675,"comment_status":"closed","ping_status":"closed","template":"","meta":{"site-sidebar-layout":"default","site-content-layout":"default","ast-global-header-display":"","ast-main-header-display":"","ast-hfb-above-header-display":"","ast-hfb-below-header-display":"","ast-hfb-mobile-header-display":"","site-post-title":"","ast-breadcrumbs-content":"","ast-featured-img":"","footer-sml-layout":"","theme-transparent-header-meta":"default","adv-header-id-meta":"","stick-header-meta":"default","header-above-stick-meta":"","header-main-stick-meta":"","header-below-stick-meta":""},"product_cat":[80,81,113,73,88,94,199,86,119,89,110,69,100,75,66],"product_tag":[],"yoast_head":"<!-- This site is optimized with the Yoast SEO plugin v19.1 - https:\/\/yoast.com\/wordpress\/plugins\/seo\/ -->\n<title>Basics Leader - Linkside Communication<\/title>\n<meta name=\"robots\" content=\"index, follow, max-snippet:-1, max-image-preview:large, max-video-preview:-1\" \/>\n<link rel=\"canonical\" href=\"https:\/\/linkside-communication.com\/index.php\/produit\/basics-leader\/\" \/>\n<meta property=\"og:locale\" content=\"en_US\" \/>\n<meta property=\"og:type\" content=\"article\" \/>\n<meta property=\"og:title\" content=\"Basics Leader - Linkside Communication\" \/>\n<meta property=\"og:description\" content=\"Syst\u00e8me de barri\u00e8res r\u00e9tractables, id\u00e9al pour une utilisation dans les points de vente, bureaux de poste, cin\u00e9mas et a\u00e9roports. Un syst\u00e8me complet n\u00e9cessite deux jeux de poteau et embase. La sangle r\u00e9tractable est disponible sous la forme d&#039;une cassette s\u00e9par\u00e9e qui s&#039;ins\u00e8re dans le poteau et peut \u00eatre d\u00e9ploy\u00e9e jusqu&#039;\u00e0 une longueur de 2 m\u00e8tres.\" \/>\n<meta property=\"og:url\" content=\"https:\/\/linkside-communication.com\/index.php\/produit\/basics-leader\/\" \/>\n<meta property=\"og:site_name\" content=\"Linkside Communication\" \/>\n<meta property=\"article:modified_time\" content=\"2022-10-11T13:52:24+00:00\" \/>\n<meta property=\"og:image\" content=\"https:\/\/linkside-communication.com\/wp-content\/uploads\/2022\/10\/basics-leader-2-main-71985.jpg\" \/>\n\t<meta property=\"og:image:width\" content=\"1063\" \/>\n\t<meta property=\"og:image:height\" content=\"964\" \/>\n\t<meta property=\"og:image:type\" content=\"image\/jpeg\" \/>\n<meta name=\"twitter:card\" content=\"summary_large_image\" \/>\n<meta name=\"twitter:label1\" content=\"Est. reading time\" \/>\n\t<meta name=\"twitter:data1\" content=\"1 minute\" \/>\n<script type=\"application\/ld+json\" class=\"yoast-schema-graph\">{\"@context\":\"https:\/\/schema.org\",\"@graph\":[{\"@type\":\"WebSite\",\"@id\":\"https:\/\/linkside-communication.com\/#website\",\"url\":\"https:\/\/linkside-communication.com\/\",\"name\":\"Linkside Communication\",\"description\":\"Invent\u00e9 pour un maximum de confort\",\"potentialAction\":[{\"@type\":\"SearchAction\",\"target\":{\"@type\":\"EntryPoint\",\"urlTemplate\":\"https:\/\/linkside-communication.com\/?s={search_term_string}\"},\"query-input\":\"required name=search_term_string\"}],\"inLanguage\":\"en-US\"},{\"@type\":\"ImageObject\",\"inLanguage\":\"en-US\",\"@id\":\"https:\/\/linkside-communication.com\/index.php\/produit\/basics-leader\/#primaryimage\",\"url\":\"https:\/\/linkside-communication.com\/wp-content\/uploads\/2022\/10\/basics-leader-2-main-71985.jpg\",\"contentUrl\":\"https:\/\/linkside-communication.com\/wp-content\/uploads\/2022\/10\/basics-leader-2-main-71985.jpg\",\"width\":1063,\"height\":964},{\"@type\":\"WebPage\",\"@id\":\"https:\/\/linkside-communication.com\/index.php\/produit\/basics-leader\/#webpage\",\"url\":\"https:\/\/linkside-communication.com\/index.php\/produit\/basics-leader\/\",\"name\":\"Basics Leader - Linkside Communication\",\"isPartOf\":{\"@id\":\"https:\/\/linkside-communication.com\/#website\"},\"primaryImageOfPage\":{\"@id\":\"https:\/\/linkside-communication.com\/index.php\/produit\/basics-leader\/#primaryimage\"},\"datePublished\":\"2022-10-11T13:52:23+00:00\",\"dateModified\":\"2022-10-11T13:52:24+00:00\",\"breadcrumb\":{\"@id\":\"https:\/\/linkside-communication.com\/index.php\/produit\/basics-leader\/#breadcrumb\"},\"inLanguage\":\"en-US\",\"potentialAction\":[{\"@type\":\"ReadAction\",\"target\":[\"https:\/\/linkside-communication.com\/index.php\/produit\/basics-leader\/\"]}]},{\"@type\":\"BreadcrumbList\",\"@id\":\"https:\/\/linkside-communication.com\/index.php\/produit\/basics-leader\/#breadcrumb\",\"itemListElement\":[{\"@type\":\"ListItem\",\"position\":1,\"name\":\"Accueil\",\"item\":\"https:\/\/linkside-communication.com\/\"},{\"@type\":\"ListItem\",\"position\":2,\"name\":\"Boutique\",\"item\":\"https:\/\/linkside-communication.com\/index.php\/boutique\/\"},{\"@type\":\"ListItem\",\"position\":3,\"name\":\"Basics Leader\"}]}]}<\/script>\n<!-- \/ Yoast SEO plugin. -->","yoast_head_json":{"title":"Basics Leader - Linkside Communication","robots":{"index":"index","follow":"follow","max-snippet":"max-snippet:-1","max-image-preview":"max-image-preview:large","max-video-preview":"max-video-preview:-1"},"canonical":"https:\/\/linkside-communication.com\/index.php\/produit\/basics-leader\/","og_locale":"en_US","og_type":"article","og_title":"Basics Leader - Linkside Communication","og_description":"Syst\u00e8me de barri\u00e8res r\u00e9tractables, id\u00e9al pour une utilisation dans les points de vente, bureaux de poste, cin\u00e9mas et a\u00e9roports. Un syst\u00e8me complet n\u00e9cessite deux jeux de poteau et embase. La sangle r\u00e9tractable est disponible sous la forme d'une cassette s\u00e9par\u00e9e qui s'ins\u00e8re dans le poteau et peut \u00eatre d\u00e9ploy\u00e9e jusqu'\u00e0 une longueur de 2 m\u00e8tres.","og_url":"https:\/\/linkside-communication.com\/index.php\/produit\/basics-leader\/","og_site_name":"Linkside Communication","article_modified_time":"2022-10-11T13:52:24+00:00","og_image":[{"width":1063,"height":964,"url":"https:\/\/linkside-communication.com\/wp-content\/uploads\/2022\/10\/basics-leader-2-main-71985.jpg","type":"image\/jpeg"}],"twitter_card":"summary_large_image","twitter_misc":{"Est. reading time":"1 minute"},"schema":{"@context":"https:\/\/schema.org","@graph":[{"@type":"WebSite","@id":"https:\/\/linkside-communication.com\/#website","url":"https:\/\/linkside-communication.com\/","name":"Linkside Communication","description":"Invent\u00e9 pour un maximum de confort","potentialAction":[{"@type":"SearchAction","target":{"@type":"EntryPoint","urlTemplate":"https:\/\/linkside-communication.com\/?s={search_term_string}"},"query-input":"required name=search_term_string"}],"inLanguage":"en-US"},{"@type":"ImageObject","inLanguage":"en-US","@id":"https:\/\/linkside-communication.com\/index.php\/produit\/basics-leader\/#primaryimage","url":"https:\/\/linkside-communication.com\/wp-content\/uploads\/2022\/10\/basics-leader-2-main-71985.jpg","contentUrl":"https:\/\/linkside-communication.com\/wp-content\/uploads\/2022\/10\/basics-leader-2-main-71985.jpg","width":1063,"height":964},{"@type":"WebPage","@id":"https:\/\/linkside-communication.com\/index.php\/produit\/basics-leader\/#webpage","url":"https:\/\/linkside-communication.com\/index.php\/produit\/basics-leader\/","name":"Basics Leader - Linkside Communication","isPartOf":{"@id":"https:\/\/linkside-communication.com\/#website"},"primaryImageOfPage":{"@id":"https:\/\/linkside-communication.com\/index.php\/produit\/basics-leader\/#primaryimage"},"datePublished":"2022-10-11T13:52:23+00:00","dateModified":"2022-10-11T13:52:24+00:00","breadcrumb":{"@id":"https:\/\/linkside-communication.com\/index.php\/produit\/basics-leader\/#breadcrumb"},"inLanguage":"en-US","potentialAction":[{"@type":"ReadAction","target":["https:\/\/linkside-communication.com\/index.php\/produit\/basics-leader\/"]}]},{"@type":"BreadcrumbList","@id":"https:\/\/linkside-communication.com\/index.php\/produit\/basics-leader\/#breadcrumb","itemListElement":[{"@type":"ListItem","position":1,"name":"Accueil","item":"https:\/\/linkside-communication.com\/"},{"@type":"ListItem","position":2,"name":"Boutique","item":"https:\/\/linkside-communication.com\/index.php\/boutique\/"},{"@type":"ListItem","position":3,"name":"Basics Leader"}]}]}},"_links":{"self":[{"href":"https:\/\/linkside-communication.com\/index.php\/wp-json\/wp\/v2\/product\/2674"}],"collection":[{"href":"https:\/\/linkside-communication.com\/index.php\/wp-json\/wp\/v2\/product"}],"about":[{"href":"https:\/\/linkside-communication.com\/index.php\/wp-json\/wp\/v2\/types\/product"}],"replies":[{"embeddable":true,"href":"https:\/\/linkside-communication.com\/index.php\/wp-json\/wp\/v2\/comments?post=2674"}],"version-history":[{"count":1,"href":"https:\/\/linkside-communication.com\/index.php\/wp-json\/wp\/v2\/product\/2674\/revisions"}],"predecessor-version":[{"id":2679,"href":"https:\/\/linkside-communication.com\/index.php\/wp-json\/wp\/v2\/product\/2674\/revisions\/2679"}],"wp:featuredmedia":[{"embeddable":true,"href":"https:\/\/linkside-communication.com\/index.php\/wp-json\/wp\/v2\/media\/2675"}],"wp:attachment":[{"href":"https:\/\/linkside-communication.com\/index.php\/wp-json\/wp\/v2\/media?parent=2674"}],"wp:term":[{"taxonomy":"product_cat","embeddable":true,"href":"https:\/\/linkside-communication.com\/index.php\/wp-json\/wp\/v2\/product_cat?post=2674"},{"taxonomy":"product_tag","embeddable":true,"href":"https:\/\/linkside-communication.com\/index.php\/wp-json\/wp\/v2\/product_tag?post=2674"}],"curies":[{"name":"wp","href":"https:\/\/api.w.org\/{rel}","templated":true}]}}