{"id":288,"date":"2022-09-30T22:59:44","date_gmt":"2022-09-30T20:59:44","guid":{"rendered":"https:\/\/linkside-communication.com\/?post_type=product&#038;p=288"},"modified":"2022-10-12T10:39:25","modified_gmt":"2022-10-12T08:39:25","slug":"sentry","status":"publish","type":"product","link":"https:\/\/linkside-communication.com\/index.php\/produit\/sentry\/","title":{"rendered":"Sentry"},"content":{"rendered":"<p>Cadre clippant sur pied.<br \/>\nAssemblage facile et sans outils pour un montage, un d\u00e9montage et un transport rapide.<br \/>\nFabriqu\u00e9 en aluminium avec une finition argent anodis\u00e9 et des coins chrom\u00e9s.<br \/>\nParfait pour de la signal\u00e9tique provisoire ou pour l&#8217;affichage d&#8217;informations.<br \/>\nDisponible en format A4 ou A3.<br \/>\nLa t\u00eate pivote pour un affichage polyvalent en mode portrait ou paysage.<br \/>\nAccepte des visuels d&#8217;une \u00e9paisseur maximale de 420 microns.<br \/>\nFeuille de protection PVC fournie pour \u00e9viter d&#8217;endommager ou de rayer les visuels.<br \/>\nLest\u00e9 pour une utilisation optimale dans les zones \u00e0 fort trafic.<\/p>\n","protected":false},"excerpt":{"rendered":"<p>Pratique et polyvalent, avec son cadre clippant pivotant, le Sentry est id\u00e9al pour l&#8217;affichage d&#8217;informations. Il est disponible en format A3 et A4 et convient tout \u00e0 fait dans les zones \u00e0 fort trafic gr\u00e2ce \u00e0 sa base lest\u00e9e.<\/p>\n","protected":false},"featured_media":289,"comment_status":"closed","ping_status":"closed","template":"","meta":{"site-sidebar-layout":"default","site-content-layout":"default","ast-global-header-display":"","ast-main-header-display":"","ast-hfb-above-header-display":"","ast-hfb-below-header-display":"","ast-hfb-mobile-header-display":"","site-post-title":"","ast-breadcrumbs-content":"","ast-featured-img":"","footer-sml-layout":"","theme-transparent-header-meta":"default","adv-header-id-meta":"","stick-header-meta":"default","header-above-stick-meta":"","header-main-stick-meta":"","header-below-stick-meta":""},"product_cat":[56,80,81,94,107,98,102,96,110,125,104,91,97,75,77,66,93,101,121],"product_tag":[229,230],"yoast_head":"<!-- This site is optimized with the Yoast SEO plugin v19.1 - https:\/\/yoast.com\/wordpress\/plugins\/seo\/ -->\n<title>Sentry - Linkside Communication<\/title>\n<meta name=\"robots\" content=\"index, follow, max-snippet:-1, max-image-preview:large, max-video-preview:-1\" \/>\n<link rel=\"canonical\" href=\"https:\/\/linkside-communication.com\/index.php\/produit\/sentry\/\" \/>\n<meta property=\"og:locale\" content=\"en_US\" \/>\n<meta property=\"og:type\" content=\"article\" \/>\n<meta property=\"og:title\" content=\"Sentry - Linkside Communication\" \/>\n<meta property=\"og:description\" content=\"Pratique et polyvalent, avec son cadre clippant pivotant, le Sentry est id\u00e9al pour l&#039;affichage d&#039;informations. Il est disponible en format A3 et A4 et convient tout \u00e0 fait dans les zones \u00e0 fort trafic gr\u00e2ce \u00e0 sa base lest\u00e9e.\" \/>\n<meta property=\"og:url\" content=\"https:\/\/linkside-communication.com\/index.php\/produit\/sentry\/\" \/>\n<meta property=\"og:site_name\" content=\"Linkside Communication\" \/>\n<meta property=\"article:modified_time\" content=\"2022-10-12T08:39:25+00:00\" \/>\n<meta property=\"og:image\" content=\"https:\/\/linkside-communication.com\/wp-content\/uploads\/2022\/09\/sentry-2-main-71028.jpg\" \/>\n\t<meta property=\"og:image:width\" content=\"1000\" \/>\n\t<meta property=\"og:image:height\" content=\"1000\" \/>\n\t<meta property=\"og:image:type\" content=\"image\/jpeg\" \/>\n<meta name=\"twitter:card\" content=\"summary_large_image\" \/>\n<meta name=\"twitter:label1\" content=\"Est. reading time\" \/>\n\t<meta name=\"twitter:data1\" content=\"1 minute\" \/>\n<script type=\"application\/ld+json\" class=\"yoast-schema-graph\">{\"@context\":\"https:\/\/schema.org\",\"@graph\":[{\"@type\":\"WebSite\",\"@id\":\"https:\/\/linkside-communication.com\/#website\",\"url\":\"https:\/\/linkside-communication.com\/\",\"name\":\"Linkside Communication\",\"description\":\"Invent\u00e9 pour un maximum de confort\",\"potentialAction\":[{\"@type\":\"SearchAction\",\"target\":{\"@type\":\"EntryPoint\",\"urlTemplate\":\"https:\/\/linkside-communication.com\/?s={search_term_string}\"},\"query-input\":\"required name=search_term_string\"}],\"inLanguage\":\"en-US\"},{\"@type\":\"ImageObject\",\"inLanguage\":\"en-US\",\"@id\":\"https:\/\/linkside-communication.com\/index.php\/produit\/sentry\/#primaryimage\",\"url\":\"https:\/\/linkside-communication.com\/wp-content\/uploads\/2022\/09\/sentry-2-main-71028.jpg\",\"contentUrl\":\"https:\/\/linkside-communication.com\/wp-content\/uploads\/2022\/09\/sentry-2-main-71028.jpg\",\"width\":1000,\"height\":1000},{\"@type\":\"WebPage\",\"@id\":\"https:\/\/linkside-communication.com\/index.php\/produit\/sentry\/#webpage\",\"url\":\"https:\/\/linkside-communication.com\/index.php\/produit\/sentry\/\",\"name\":\"Sentry - Linkside Communication\",\"isPartOf\":{\"@id\":\"https:\/\/linkside-communication.com\/#website\"},\"primaryImageOfPage\":{\"@id\":\"https:\/\/linkside-communication.com\/index.php\/produit\/sentry\/#primaryimage\"},\"datePublished\":\"2022-09-30T20:59:44+00:00\",\"dateModified\":\"2022-10-12T08:39:25+00:00\",\"breadcrumb\":{\"@id\":\"https:\/\/linkside-communication.com\/index.php\/produit\/sentry\/#breadcrumb\"},\"inLanguage\":\"en-US\",\"potentialAction\":[{\"@type\":\"ReadAction\",\"target\":[\"https:\/\/linkside-communication.com\/index.php\/produit\/sentry\/\"]}]},{\"@type\":\"BreadcrumbList\",\"@id\":\"https:\/\/linkside-communication.com\/index.php\/produit\/sentry\/#breadcrumb\",\"itemListElement\":[{\"@type\":\"ListItem\",\"position\":1,\"name\":\"Accueil\",\"item\":\"https:\/\/linkside-communication.com\/\"},{\"@type\":\"ListItem\",\"position\":2,\"name\":\"Boutique\",\"item\":\"https:\/\/linkside-communication.com\/index.php\/boutique\/\"},{\"@type\":\"ListItem\",\"position\":3,\"name\":\"Sentry\"}]}]}<\/script>\n<!-- \/ Yoast SEO plugin. -->","yoast_head_json":{"title":"Sentry - Linkside Communication","robots":{"index":"index","follow":"follow","max-snippet":"max-snippet:-1","max-image-preview":"max-image-preview:large","max-video-preview":"max-video-preview:-1"},"canonical":"https:\/\/linkside-communication.com\/index.php\/produit\/sentry\/","og_locale":"en_US","og_type":"article","og_title":"Sentry - Linkside Communication","og_description":"Pratique et polyvalent, avec son cadre clippant pivotant, le Sentry est id\u00e9al pour l'affichage d'informations. Il est disponible en format A3 et A4 et convient tout \u00e0 fait dans les zones \u00e0 fort trafic gr\u00e2ce \u00e0 sa base lest\u00e9e.","og_url":"https:\/\/linkside-communication.com\/index.php\/produit\/sentry\/","og_site_name":"Linkside Communication","article_modified_time":"2022-10-12T08:39:25+00:00","og_image":[{"width":1000,"height":1000,"url":"https:\/\/linkside-communication.com\/wp-content\/uploads\/2022\/09\/sentry-2-main-71028.jpg","type":"image\/jpeg"}],"twitter_card":"summary_large_image","twitter_misc":{"Est. reading time":"1 minute"},"schema":{"@context":"https:\/\/schema.org","@graph":[{"@type":"WebSite","@id":"https:\/\/linkside-communication.com\/#website","url":"https:\/\/linkside-communication.com\/","name":"Linkside Communication","description":"Invent\u00e9 pour un maximum de confort","potentialAction":[{"@type":"SearchAction","target":{"@type":"EntryPoint","urlTemplate":"https:\/\/linkside-communication.com\/?s={search_term_string}"},"query-input":"required name=search_term_string"}],"inLanguage":"en-US"},{"@type":"ImageObject","inLanguage":"en-US","@id":"https:\/\/linkside-communication.com\/index.php\/produit\/sentry\/#primaryimage","url":"https:\/\/linkside-communication.com\/wp-content\/uploads\/2022\/09\/sentry-2-main-71028.jpg","contentUrl":"https:\/\/linkside-communication.com\/wp-content\/uploads\/2022\/09\/sentry-2-main-71028.jpg","width":1000,"height":1000},{"@type":"WebPage","@id":"https:\/\/linkside-communication.com\/index.php\/produit\/sentry\/#webpage","url":"https:\/\/linkside-communication.com\/index.php\/produit\/sentry\/","name":"Sentry - Linkside Communication","isPartOf":{"@id":"https:\/\/linkside-communication.com\/#website"},"primaryImageOfPage":{"@id":"https:\/\/linkside-communication.com\/index.php\/produit\/sentry\/#primaryimage"},"datePublished":"2022-09-30T20:59:44+00:00","dateModified":"2022-10-12T08:39:25+00:00","breadcrumb":{"@id":"https:\/\/linkside-communication.com\/index.php\/produit\/sentry\/#breadcrumb"},"inLanguage":"en-US","potentialAction":[{"@type":"ReadAction","target":["https:\/\/linkside-communication.com\/index.php\/produit\/sentry\/"]}]},{"@type":"BreadcrumbList","@id":"https:\/\/linkside-communication.com\/index.php\/produit\/sentry\/#breadcrumb","itemListElement":[{"@type":"ListItem","position":1,"name":"Accueil","item":"https:\/\/linkside-communication.com\/"},{"@type":"ListItem","position":2,"name":"Boutique","item":"https:\/\/linkside-communication.com\/index.php\/boutique\/"},{"@type":"ListItem","position":3,"name":"Sentry"}]}]}},"_links":{"self":[{"href":"https:\/\/linkside-communication.com\/index.php\/wp-json\/wp\/v2\/product\/288"}],"collection":[{"href":"https:\/\/linkside-communication.com\/index.php\/wp-json\/wp\/v2\/product"}],"about":[{"href":"https:\/\/linkside-communication.com\/index.php\/wp-json\/wp\/v2\/types\/product"}],"replies":[{"embeddable":true,"href":"https:\/\/linkside-communication.com\/index.php\/wp-json\/wp\/v2\/comments?post=288"}],"version-history":[{"count":2,"href":"https:\/\/linkside-communication.com\/index.php\/wp-json\/wp\/v2\/product\/288\/revisions"}],"predecessor-version":[{"id":299,"href":"https:\/\/linkside-communication.com\/index.php\/wp-json\/wp\/v2\/product\/288\/revisions\/299"}],"wp:featuredmedia":[{"embeddable":true,"href":"https:\/\/linkside-communication.com\/index.php\/wp-json\/wp\/v2\/media\/289"}],"wp:attachment":[{"href":"https:\/\/linkside-communication.com\/index.php\/wp-json\/wp\/v2\/media?parent=288"}],"wp:term":[{"taxonomy":"product_cat","embeddable":true,"href":"https:\/\/linkside-communication.com\/index.php\/wp-json\/wp\/v2\/product_cat?post=288"},{"taxonomy":"product_tag","embeddable":true,"href":"https:\/\/linkside-communication.com\/index.php\/wp-json\/wp\/v2\/product_tag?post=288"}],"curies":[{"name":"wp","href":"https:\/\/api.w.org\/{rel}","templated":true}]}}