{"id":328,"date":"2022-10-01T12:10:05","date_gmt":"2022-10-01T10:10:05","guid":{"rendered":"https:\/\/linkside-communication.com\/?post_type=product&#038;p=328"},"modified":"2022-10-12T10:43:26","modified_gmt":"2022-10-12T08:43:26","slug":"whirlwind","status":"publish","type":"product","link":"https:\/\/linkside-communication.com\/index.php\/produit\/whirlwind\/","title":{"rendered":"Whirlwind"},"content":{"rendered":"<p>Stop-trottoir robuste, id\u00e9al pour un usage sur des terrains durs ou mous.<br \/>\nR\u00e9siste aux intemp\u00e9ries, cadre clippant double face.<br \/>\nDisponible en 2 formats :\u00a0 A1 et A0.<br \/>\nLes visuels sont prot\u00e9g\u00e9s par une feuille PVC fournie.<br \/>\nLes ressorts permettent \u00e0 la structure de suivre les mouvements du vent et d&#8217;attirer l&#8217;\u0153il.<br \/>\nL&#8217;embase est \u00e9quip\u00e9e de roues pour faciliter le d\u00e9placement.<br \/>\nL&#8217;embase a une capacit\u00e9 de 25 litres (format A1) ou 55 litres (format A0). Elle peut \u00eatre lest\u00e9e avec de l&#8217;eau ou du sable.<br \/>\nPeut r\u00e9sister \u00e0 des vents jusqu&#8217;\u00e0 29km\/h (environ).<br \/>\nSe range \u00e0 plat pour faciliter le transport ou le stockage.<\/p>\n","protected":false},"excerpt":{"rendered":"<p>Le Whirlwind est un stop-trottoir robuste et r\u00e9sistant aux intemp\u00e9ries, dot\u00e9 d&#8217;une embase \u00e0 roulettes pour faciliter son utilisation. L&#8217;embase a une capacit\u00e9 de 25 litres (format A1) ou 55 litres (format A0) lui assurant une stabilit\u00e9 optimale. Les visuels se positionnent par l&#8217;avant et sont maintenus en toute s\u00e9curit\u00e9 dans un cadre clippant double face. Le tout se range \u00e0 plat pour faciliter le transport. Un kit parfait !<\/p>\n","protected":false},"featured_media":329,"comment_status":"closed","ping_status":"closed","template":"","meta":{"site-sidebar-layout":"default","site-content-layout":"default","ast-global-header-display":"","ast-main-header-display":"","ast-hfb-above-header-display":"","ast-hfb-below-header-display":"","ast-hfb-mobile-header-display":"","site-post-title":"","ast-breadcrumbs-content":"","ast-featured-img":"","footer-sml-layout":"","theme-transparent-header-meta":"default","adv-header-id-meta":"","stick-header-meta":"default","header-above-stick-meta":"","header-main-stick-meta":"","header-below-stick-meta":""},"product_cat":[56,113,73,84,74,111,120,92,112,83,82,117,116,79,108,122,72,86,119,85,118,125,69,114,76,100,99,115,78,71,101,121],"product_tag":[],"yoast_head":"<!-- This site is optimized with the Yoast SEO plugin v19.1 - https:\/\/yoast.com\/wordpress\/plugins\/seo\/ -->\n<title>Whirlwind - Linkside Communication<\/title>\n<meta name=\"robots\" content=\"index, follow, max-snippet:-1, max-image-preview:large, max-video-preview:-1\" \/>\n<link rel=\"canonical\" href=\"https:\/\/linkside-communication.com\/index.php\/produit\/whirlwind\/\" \/>\n<meta property=\"og:locale\" content=\"en_US\" \/>\n<meta property=\"og:type\" content=\"article\" \/>\n<meta property=\"og:title\" content=\"Whirlwind - Linkside Communication\" \/>\n<meta property=\"og:description\" content=\"Le Whirlwind est un stop-trottoir robuste et r\u00e9sistant aux intemp\u00e9ries, dot\u00e9 d&#039;une embase \u00e0 roulettes pour faciliter son utilisation. L&#039;embase a une capacit\u00e9 de 25 litres (format A1) ou 55 litres (format A0) lui assurant une stabilit\u00e9 optimale. Les visuels se positionnent par l&#039;avant et sont maintenus en toute s\u00e9curit\u00e9 dans un cadre clippant double face. Le tout se range \u00e0 plat pour faciliter le transport. Un kit parfait !\" \/>\n<meta property=\"og:url\" content=\"https:\/\/linkside-communication.com\/index.php\/produit\/whirlwind\/\" \/>\n<meta property=\"og:site_name\" content=\"Linkside Communication\" \/>\n<meta property=\"article:modified_time\" content=\"2022-10-12T08:43:26+00:00\" \/>\n<meta property=\"og:image\" content=\"https:\/\/linkside-communication.com\/wp-content\/uploads\/2022\/10\/whirlwind-2-main-71081.jpg\" \/>\n\t<meta property=\"og:image:width\" content=\"1000\" \/>\n\t<meta property=\"og:image:height\" content=\"1000\" \/>\n\t<meta property=\"og:image:type\" content=\"image\/jpeg\" \/>\n<meta name=\"twitter:card\" content=\"summary_large_image\" \/>\n<meta name=\"twitter:label1\" content=\"Est. reading time\" \/>\n\t<meta name=\"twitter:data1\" content=\"1 minute\" \/>\n<script type=\"application\/ld+json\" class=\"yoast-schema-graph\">{\"@context\":\"https:\/\/schema.org\",\"@graph\":[{\"@type\":\"WebSite\",\"@id\":\"https:\/\/linkside-communication.com\/#website\",\"url\":\"https:\/\/linkside-communication.com\/\",\"name\":\"Linkside Communication\",\"description\":\"Invent\u00e9 pour un maximum de confort\",\"potentialAction\":[{\"@type\":\"SearchAction\",\"target\":{\"@type\":\"EntryPoint\",\"urlTemplate\":\"https:\/\/linkside-communication.com\/?s={search_term_string}\"},\"query-input\":\"required name=search_term_string\"}],\"inLanguage\":\"en-US\"},{\"@type\":\"ImageObject\",\"inLanguage\":\"en-US\",\"@id\":\"https:\/\/linkside-communication.com\/index.php\/produit\/whirlwind\/#primaryimage\",\"url\":\"https:\/\/linkside-communication.com\/wp-content\/uploads\/2022\/10\/whirlwind-2-main-71081.jpg\",\"contentUrl\":\"https:\/\/linkside-communication.com\/wp-content\/uploads\/2022\/10\/whirlwind-2-main-71081.jpg\",\"width\":1000,\"height\":1000},{\"@type\":\"WebPage\",\"@id\":\"https:\/\/linkside-communication.com\/index.php\/produit\/whirlwind\/#webpage\",\"url\":\"https:\/\/linkside-communication.com\/index.php\/produit\/whirlwind\/\",\"name\":\"Whirlwind - Linkside Communication\",\"isPartOf\":{\"@id\":\"https:\/\/linkside-communication.com\/#website\"},\"primaryImageOfPage\":{\"@id\":\"https:\/\/linkside-communication.com\/index.php\/produit\/whirlwind\/#primaryimage\"},\"datePublished\":\"2022-10-01T10:10:05+00:00\",\"dateModified\":\"2022-10-12T08:43:26+00:00\",\"breadcrumb\":{\"@id\":\"https:\/\/linkside-communication.com\/index.php\/produit\/whirlwind\/#breadcrumb\"},\"inLanguage\":\"en-US\",\"potentialAction\":[{\"@type\":\"ReadAction\",\"target\":[\"https:\/\/linkside-communication.com\/index.php\/produit\/whirlwind\/\"]}]},{\"@type\":\"BreadcrumbList\",\"@id\":\"https:\/\/linkside-communication.com\/index.php\/produit\/whirlwind\/#breadcrumb\",\"itemListElement\":[{\"@type\":\"ListItem\",\"position\":1,\"name\":\"Accueil\",\"item\":\"https:\/\/linkside-communication.com\/\"},{\"@type\":\"ListItem\",\"position\":2,\"name\":\"Boutique\",\"item\":\"https:\/\/linkside-communication.com\/index.php\/boutique\/\"},{\"@type\":\"ListItem\",\"position\":3,\"name\":\"Whirlwind\"}]}]}<\/script>\n<!-- \/ Yoast SEO plugin. -->","yoast_head_json":{"title":"Whirlwind - Linkside Communication","robots":{"index":"index","follow":"follow","max-snippet":"max-snippet:-1","max-image-preview":"max-image-preview:large","max-video-preview":"max-video-preview:-1"},"canonical":"https:\/\/linkside-communication.com\/index.php\/produit\/whirlwind\/","og_locale":"en_US","og_type":"article","og_title":"Whirlwind - Linkside Communication","og_description":"Le Whirlwind est un stop-trottoir robuste et r\u00e9sistant aux intemp\u00e9ries, dot\u00e9 d'une embase \u00e0 roulettes pour faciliter son utilisation. L'embase a une capacit\u00e9 de 25 litres (format A1) ou 55 litres (format A0) lui assurant une stabilit\u00e9 optimale. Les visuels se positionnent par l'avant et sont maintenus en toute s\u00e9curit\u00e9 dans un cadre clippant double face. Le tout se range \u00e0 plat pour faciliter le transport. Un kit parfait !","og_url":"https:\/\/linkside-communication.com\/index.php\/produit\/whirlwind\/","og_site_name":"Linkside Communication","article_modified_time":"2022-10-12T08:43:26+00:00","og_image":[{"width":1000,"height":1000,"url":"https:\/\/linkside-communication.com\/wp-content\/uploads\/2022\/10\/whirlwind-2-main-71081.jpg","type":"image\/jpeg"}],"twitter_card":"summary_large_image","twitter_misc":{"Est. reading time":"1 minute"},"schema":{"@context":"https:\/\/schema.org","@graph":[{"@type":"WebSite","@id":"https:\/\/linkside-communication.com\/#website","url":"https:\/\/linkside-communication.com\/","name":"Linkside Communication","description":"Invent\u00e9 pour un maximum de confort","potentialAction":[{"@type":"SearchAction","target":{"@type":"EntryPoint","urlTemplate":"https:\/\/linkside-communication.com\/?s={search_term_string}"},"query-input":"required name=search_term_string"}],"inLanguage":"en-US"},{"@type":"ImageObject","inLanguage":"en-US","@id":"https:\/\/linkside-communication.com\/index.php\/produit\/whirlwind\/#primaryimage","url":"https:\/\/linkside-communication.com\/wp-content\/uploads\/2022\/10\/whirlwind-2-main-71081.jpg","contentUrl":"https:\/\/linkside-communication.com\/wp-content\/uploads\/2022\/10\/whirlwind-2-main-71081.jpg","width":1000,"height":1000},{"@type":"WebPage","@id":"https:\/\/linkside-communication.com\/index.php\/produit\/whirlwind\/#webpage","url":"https:\/\/linkside-communication.com\/index.php\/produit\/whirlwind\/","name":"Whirlwind - Linkside Communication","isPartOf":{"@id":"https:\/\/linkside-communication.com\/#website"},"primaryImageOfPage":{"@id":"https:\/\/linkside-communication.com\/index.php\/produit\/whirlwind\/#primaryimage"},"datePublished":"2022-10-01T10:10:05+00:00","dateModified":"2022-10-12T08:43:26+00:00","breadcrumb":{"@id":"https:\/\/linkside-communication.com\/index.php\/produit\/whirlwind\/#breadcrumb"},"inLanguage":"en-US","potentialAction":[{"@type":"ReadAction","target":["https:\/\/linkside-communication.com\/index.php\/produit\/whirlwind\/"]}]},{"@type":"BreadcrumbList","@id":"https:\/\/linkside-communication.com\/index.php\/produit\/whirlwind\/#breadcrumb","itemListElement":[{"@type":"ListItem","position":1,"name":"Accueil","item":"https:\/\/linkside-communication.com\/"},{"@type":"ListItem","position":2,"name":"Boutique","item":"https:\/\/linkside-communication.com\/index.php\/boutique\/"},{"@type":"ListItem","position":3,"name":"Whirlwind"}]}]}},"_links":{"self":[{"href":"https:\/\/linkside-communication.com\/index.php\/wp-json\/wp\/v2\/product\/328"}],"collection":[{"href":"https:\/\/linkside-communication.com\/index.php\/wp-json\/wp\/v2\/product"}],"about":[{"href":"https:\/\/linkside-communication.com\/index.php\/wp-json\/wp\/v2\/types\/product"}],"replies":[{"embeddable":true,"href":"https:\/\/linkside-communication.com\/index.php\/wp-json\/wp\/v2\/comments?post=328"}],"version-history":[{"count":1,"href":"https:\/\/linkside-communication.com\/index.php\/wp-json\/wp\/v2\/product\/328\/revisions"}],"predecessor-version":[{"id":334,"href":"https:\/\/linkside-communication.com\/index.php\/wp-json\/wp\/v2\/product\/328\/revisions\/334"}],"wp:featuredmedia":[{"embeddable":true,"href":"https:\/\/linkside-communication.com\/index.php\/wp-json\/wp\/v2\/media\/329"}],"wp:attachment":[{"href":"https:\/\/linkside-communication.com\/index.php\/wp-json\/wp\/v2\/media?parent=328"}],"wp:term":[{"taxonomy":"product_cat","embeddable":true,"href":"https:\/\/linkside-communication.com\/index.php\/wp-json\/wp\/v2\/product_cat?post=328"},{"taxonomy":"product_tag","embeddable":true,"href":"https:\/\/linkside-communication.com\/index.php\/wp-json\/wp\/v2\/product_tag?post=328"}],"curies":[{"name":"wp","href":"https:\/\/api.w.org\/{rel}","templated":true}]}}